{"id":45,"date":"2025-03-07T16:03:00","date_gmt":"2025-03-07T16:03:00","guid":{"rendered":"https:\/\/2lgbtqi.ubi.pt\/?page_id=45"},"modified":"2025-03-11T10:40:19","modified_gmt":"2025-03-11T10:40:19","slug":"contato","status":"publish","type":"page","link":"https:\/\/2lgbtqi.ubi.pt\/?page_id=45","title":{"rendered":"CONTATO"},"content":{"rendered":"\t\t<div data-elementor-type=\"wp-page\" data-elementor-id=\"45\" class=\"elementor elementor-45\">\n\t\t\t\t<div class=\"elementor-element elementor-element-01eb61a e-flex e-con-boxed e-con e-parent\" data-id=\"01eb61a\" data-element_type=\"container\">\n\t\t\t\t\t<div class=\"e-con-inner\">\n\t\t\t\t<div class=\"elementor-element elementor-element-ca852dc elementor-widget elementor-widget-text-editor\" data-id=\"ca852dc\" data-element_type=\"widget\" data-widget_type=\"text-editor.default\">\n\t\t\t\t<div class=\"elementor-widget-container\">\n\t\t\t\t\t\t\t\t\t<h5>Para pedir informa\u00e7\u00f5es ou esclarecimentos adicionais, por favor, contacte:<\/h5><h5>\u00a0<\/h5><h5>Henrique Pereira<\/h5><h5>Departamento de Psicologia e Educa\u00e7\u00e3o<\/h5><h5>Faculdade de Ci\u00eancias Sociais e Humanas<\/h5><h5>Universidade da Beira Interior<\/h5><h5><strong><a href=\"mailto:hpereira@ubi.pt\" target=\"_blank\" rel=\"noopener\">hpereira@ubi.pt<\/a><\/strong> <\/h5>\t\t\t\t\t\t\t\t<\/div>\n\t\t\t\t<\/div>\n\t\t\t\t\t<\/div>\n\t\t\t\t<\/div>\n\t\t\t\t<\/div>\n\t\t","protected":false},"excerpt":{"rendered":"<p>Para pedir informa\u00e7\u00f5es ou esclarecimentos adicionais, por favor, contacte: \u00a0 Henrique Pereira Departamento de Psicologia e Educa\u00e7\u00e3o Faculdade de Ci\u00eancias Sociais e Humanas Universidade da Beira Interior hpereira@ubi.pt<\/p>\n","protected":false},"author":1,"featured_media":0,"parent":0,"menu_order":0,"comment_status":"closed","ping_status":"closed","template":"","meta":{"footnotes":""},"class_list":["post-45","page","type-page","status-publish","hentry"],"_links":{"self":[{"href":"https:\/\/2lgbtqi.ubi.pt\/index.php?rest_route=\/wp\/v2\/pages\/45","targetHints":{"allow":["GET"]}}],"collection":[{"href":"https:\/\/2lgbtqi.ubi.pt\/index.php?rest_route=\/wp\/v2\/pages"}],"about":[{"href":"https:\/\/2lgbtqi.ubi.pt\/index.php?rest_route=\/wp\/v2\/types\/page"}],"author":[{"embeddable":true,"href":"https:\/\/2lgbtqi.ubi.pt\/index.php?rest_route=\/wp\/v2\/users\/1"}],"replies":[{"embeddable":true,"href":"https:\/\/2lgbtqi.ubi.pt\/index.php?rest_route=%2Fwp%2Fv2%2Fcomments&post=45"}],"version-history":[{"count":10,"href":"https:\/\/2lgbtqi.ubi.pt\/index.php?rest_route=\/wp\/v2\/pages\/45\/revisions"}],"predecessor-version":[{"id":188,"href":"https:\/\/2lgbtqi.ubi.pt\/index.php?rest_route=\/wp\/v2\/pages\/45\/revisions\/188"}],"wp:attachment":[{"href":"https:\/\/2lgbtqi.ubi.pt\/index.php?rest_route=%2Fwp%2Fv2%2Fmedia&parent=45"}],"curies":[{"name":"wp","href":"https:\/\/api.w.org\/{rel}","templated":true}]}}